{"id":3820,"date":"2020-06-01T12:41:22","date_gmt":"2020-06-01T16:41:22","guid":{"rendered":"http:\/\/www.edukdiseno.cl\/home\/?page_id=3820"},"modified":"2021-07-20T16:25:33","modified_gmt":"2021-07-20T20:25:33","slug":"eduk-3dprint","status":"publish","type":"page","link":"https:\/\/www.edukdiseno.cl\/home\/eduk-3dprint\/","title":{"rendered":"Impresi\u00f3n 3D"},"content":{"rendered":"<!--vcv no format--><div class=\"vce-row-container\"><div class=\"vce-row vce-row--col-gap-30 vce-row-columns--top vce-row-content--top\" id=\"el-4b4e1deb\" data-vce-do-apply=\"all el-4b4e1deb\"><div class=\"vce-row-content\" data-vce-element-content=\"true\"><div class=\"vce-col vce-col--md-auto vce-col--xs-1 vce-col--xs-last vce-col--xs-first vce-col--sm-last vce-col--sm-first vce-col--md-last vce-col--lg-last vce-col--xl-last vce-col--md-first vce-col--lg-first vce-col--xl-first\" id=\"el-066f144d\"><div class=\"vce-col-inner\" data-vce-do-apply=\"border margin background  el-066f144d\"><div class=\"vce-col-content\" data-vce-element-content=\"true\" data-vce-do-apply=\"padding el-066f144d\"><div class=\"vce-text-block\"><div class=\"vce-text-block-wrapper vce\" id=\"el-2e1f8f18\" data-vce-do-apply=\"all el-2e1f8f18\">\r\n<h1>&nbsp;<\/h1>\r\n<h1>&nbsp;<\/h1>\r\n<h1 style=\"text-align: center;\">Materializar ideas<\/h1>\r\n<p style=\"text-align: center;\">El uso de la tecnolog\u00eda 3D de impresi\u00f3n nos permite enriquecer el abanico de posibilidades en el desarrollo de recursos de interpretaci\u00f3n. Realizamos el registro, captaci\u00f3n, modelado e impresi\u00f3n de piezas mediante diversas t\u00e9cnicas dependiendo de los requerimientos. Desde prototipos a objetos y piezas funcionales, as\u00ed como r\u00e9plicas did\u00e1cticas para todo uso. Las posibilidades y aplicaciones son ilimitadas.<\/p>\r\n<p>&nbsp; <a href=\"..\/wp-content\/uploads\/2020\/05\/flashforge-creator-3-1-ud-270713-es.jpg\" data-rel=\"lightbox-image-0\" data-rl_title=\"\" data-rl_caption=\"\" title=\"\"><img loading=\"lazy\" decoding=\"async\" class=\"aligncenter wp-image-3764\" src=\"..\/wp-content\/uploads\/2020\/05\/flashforge-creator-3-1-ud-270713-es.jpg\" alt=\"\" width=\"374\" height=\"371\" data-id=\"3764\" srcset=\"https:\/\/www.edukdiseno.cl\/home\/wp-content\/uploads\/2020\/05\/flashforge-creator-3-1-ud-270713-es.jpg 780w, https:\/\/www.edukdiseno.cl\/home\/wp-content\/uploads\/2020\/05\/flashforge-creator-3-1-ud-270713-es-150x150@2x.jpg 300w, https:\/\/www.edukdiseno.cl\/home\/wp-content\/uploads\/2020\/05\/flashforge-creator-3-1-ud-270713-es-150x150.jpg 150w, https:\/\/www.edukdiseno.cl\/home\/wp-content\/uploads\/2020\/05\/flashforge-creator-3-1-ud-270713-es-600x595.jpg 600w\" sizes=\"(max-width: 374px) 100vw, 374px\" \/><\/a><\/p>\r\n<p style=\"text-align: center;\">CREATOR 3 CON 2 CABEZALES INDEPENDIENTES<\/p>\r\n<h4>&nbsp;<\/h4>\r\n<p>&nbsp; &nbsp;<\/p>\r\n<h1 style=\"text-align: center;\">Interpretaci\u00f3n del Patrimonio en 3D<\/h1>\r\n<p style=\"text-align: center;\">Existen varios ejemplos en el \u00e1mbito del patrimonio que utilizan como herramienta la tecnolog\u00eda 3D para acercar al p\u00fablico general y no-vidente, con la puesta en valor y preservaci\u00f3n de diferentes obras, objetos y contenidos: r\u00e9plicas did\u00e1cticas de objetos arqueol\u00f3gicos, paleontol\u00f3gicos, arquitect\u00f3nicos, de Ciencias, etc. <a href=\"..\/wp-content\/uploads\/2020\/05\/DSC_5785-2.jpg\" data-rel=\"lightbox-image-1\" data-rl_title=\"\" data-rl_caption=\"\" title=\"\"><img loading=\"lazy\" decoding=\"async\" class=\"wp-image-3774 aligncenter\" src=\"..\/wp-content\/uploads\/2020\/05\/DSC_5785-2.jpg\" alt=\"\" width=\"669\" height=\"486\" data-id=\"3774\" srcset=\"https:\/\/www.edukdiseno.cl\/home\/wp-content\/uploads\/2020\/05\/DSC_5785-2.jpg 1600w, https:\/\/www.edukdiseno.cl\/home\/wp-content\/uploads\/2020\/05\/DSC_5785-2-300x218.jpg 300w, https:\/\/www.edukdiseno.cl\/home\/wp-content\/uploads\/2020\/05\/DSC_5785-2-1024x743.jpg 1024w, https:\/\/www.edukdiseno.cl\/home\/wp-content\/uploads\/2020\/05\/DSC_5785-2-1536x1115.jpg 1536w, https:\/\/www.edukdiseno.cl\/home\/wp-content\/uploads\/2020\/05\/DSC_5785-2-600x435.jpg 600w, https:\/\/www.edukdiseno.cl\/home\/wp-content\/uploads\/2020\/05\/DSC_5785-2-940x682.jpg 940w, https:\/\/www.edukdiseno.cl\/home\/wp-content\/uploads\/2020\/05\/DSC_5785-2-600x435@2x.jpg 1200w\" sizes=\"(max-width: 669px) 100vw, 669px\" \/><\/a><\/p>\r\n<h1 style=\"text-align: center;\">Recursos educativos tangibles<\/h1>\r\n<p style=\"text-align: center;\">Mediante diversas t\u00e9cnicas de terminaci\u00f3n y post-proceso, las piezas pueden convertirse en recursos de alto impacto visual y sensorial, as\u00ed como recursos educativos con mucho potencial. Escuelas, museos, centros de interpretaci\u00f3n, uso particular&#8230; los \u00e1mbitos son m\u00faltiples y d\u00eda a d\u00eda van surgiendo nuevos espacios de aplicaci\u00f3n.<\/p>\r\n<p>&nbsp;<\/p>\r\n<h4><a href=\"..\/wp-content\/uploads\/2020\/05\/gyroscope2.jpg\" data-rel=\"lightbox-image-2\" data-rl_title=\"\" data-rl_caption=\"\" title=\"\"><img loading=\"lazy\" decoding=\"async\" class=\"aligncenter wp-image-3817 \" src=\"..\/wp-content\/uploads\/2020\/05\/gyroscope2.jpg\" alt=\"\" width=\"356\" height=\"485\" data-id=\"3810\" srcset=\"https:\/\/www.edukdiseno.cl\/home\/wp-content\/uploads\/2020\/05\/gyroscope2.jpg 911w, https:\/\/www.edukdiseno.cl\/home\/wp-content\/uploads\/2020\/05\/gyroscope2-220x300.jpg 220w, https:\/\/www.edukdiseno.cl\/home\/wp-content\/uploads\/2020\/05\/gyroscope2-752x1024.jpg 752w, https:\/\/www.edukdiseno.cl\/home\/wp-content\/uploads\/2020\/05\/gyroscope2-600x817.jpg 600w, https:\/\/www.edukdiseno.cl\/home\/wp-content\/uploads\/2020\/05\/gyroscope2-220x300@2x.jpg 440w\" sizes=\"(max-width: 356px) 100vw, 356px\" \/><\/a><\/h4>\r\n<p>&nbsp; &nbsp;<\/p>\r\n<h1 style=\"text-align: center;\">Desarrollamos<\/h1>\r\n<h5 style=\"text-align: center;\">Impresi\u00f3n 3D en diversos materiales<\/h5>\r\n<h5 style=\"text-align: center;\">Dise\u00f1o y modelado de objetos para imprimir<\/h5>\r\n<h5 style=\"text-align: center;\">Prototipado de piezas<\/h5>\r\n<h5 style=\"text-align: center;\">Piezas funcionales<\/h5>\r\n<h5 style=\"text-align: center;\">R\u00e9plicas patrimoniales<\/h5>\r\n<h5 style=\"text-align: center;\">Tablillas h\u00e1pticas<\/h5>\r\n<h5 style=\"text-align: center;\">R\u00e9plicas did\u00e1cticas<\/h5>\r\n<p>&nbsp;<\/p>\r\n<hr>\r\n<p><div class=\"ezcol ezcol-one-half\"> <div id=\"attachment_3766\" style=\"width: 490px\" class=\"wp-caption aligncenter\"><a href=\"..\/wp-content\/uploads\/2020\/05\/DSC_5748.jpg\" data-rel=\"lightbox-image-3\" data-rl_title=\"\" data-rl_caption=\"\" title=\"\"><img loading=\"lazy\" decoding=\"async\" aria-describedby=\"caption-attachment-3766\" class=\"wp-image-3766 size-gallery-thumb\" src=\"..\/wp-content\/uploads\/2020\/05\/DSC_5748-480x400.jpg\" alt=\"Pieza l\u00edtica\" width=\"480\" height=\"400\" data-id=\"999\" srcset=\"https:\/\/www.edukdiseno.cl\/home\/wp-content\/uploads\/2020\/05\/DSC_5748-480x400.jpg 480w, https:\/\/www.edukdiseno.cl\/home\/wp-content\/uploads\/2020\/05\/DSC_5748-480x400@2x.jpg 960w\" sizes=\"(max-width: 480px) 100vw, 480px\" \/><\/a><p id=\"caption-attachment-3766\" class=\"wp-caption-text\">Pieza l\u00edtica<\/p><\/div> <\/div> <div class=\"ezcol ezcol-one-half ezcol-last\"> <div id=\"attachment_3765\" style=\"width: 490px\" class=\"wp-caption aligncenter\"><a href=\"..\/wp-content\/uploads\/2020\/05\/DSC_5747.jpg\" data-rel=\"lightbox-image-4\" data-rl_title=\"\" data-rl_caption=\"\" title=\"\"><img loading=\"lazy\" decoding=\"async\" aria-describedby=\"caption-attachment-3765\" class=\"wp-image-3765 size-gallery-thumb\" src=\"..\/wp-content\/uploads\/2020\/05\/DSC_5747-480x400.jpg\" alt=\"Pieza l\u00edtica\" width=\"480\" height=\"400\" data-id=\"1008\" srcset=\"https:\/\/www.edukdiseno.cl\/home\/wp-content\/uploads\/2020\/05\/DSC_5747-480x400.jpg 480w, https:\/\/www.edukdiseno.cl\/home\/wp-content\/uploads\/2020\/05\/DSC_5747-480x400@2x.jpg 960w\" sizes=\"(max-width: 480px) 100vw, 480px\" \/><\/a><p id=\"caption-attachment-3765\" class=\"wp-caption-text\">Pieza l\u00edtica<\/p><\/div> <\/div><div class=\"ezcol-divider\"><\/div> <div class=\"ezcol ezcol-one-half\"> <div id=\"attachment_3767\" style=\"width: 490px\" class=\"wp-caption aligncenter\"><a href=\"..\/wp-content\/uploads\/2020\/05\/DSC_5755.jpg\" data-rel=\"lightbox-image-5\" data-rl_title=\"\" data-rl_caption=\"\" title=\"\"><img loading=\"lazy\" decoding=\"async\" aria-describedby=\"caption-attachment-3767\" class=\"wp-image-3767 size-gallery-thumb\" src=\"..\/wp-content\/uploads\/2020\/05\/DSC_5755-480x400.jpg\" alt=\"Tembet\u00e1s de piedra\" width=\"480\" height=\"400\" data-id=\"1000\" srcset=\"https:\/\/www.edukdiseno.cl\/home\/wp-content\/uploads\/2020\/05\/DSC_5755-480x400.jpg 480w, https:\/\/www.edukdiseno.cl\/home\/wp-content\/uploads\/2020\/05\/DSC_5755-480x400@2x.jpg 960w\" sizes=\"(max-width: 480px) 100vw, 480px\" \/><\/a><p id=\"caption-attachment-3767\" class=\"wp-caption-text\">Tembet\u00e1s de piedra<\/p><\/div> <\/div> <div class=\"ezcol ezcol-one-half ezcol-last\"> <div id=\"attachment_3768\" style=\"width: 490px\" class=\"wp-caption aligncenter\"><a href=\"..\/wp-content\/uploads\/2020\/05\/DSC_5761.jpg\" data-rel=\"lightbox-image-6\" data-rl_title=\"\" data-rl_caption=\"\" title=\"\"><img loading=\"lazy\" decoding=\"async\" aria-describedby=\"caption-attachment-3768\" class=\"wp-image-3768 size-gallery-thumb\" src=\"..\/wp-content\/uploads\/2020\/05\/DSC_5761-480x400.jpg\" alt=\"Tembet\u00e1 de piedra\" width=\"480\" height=\"400\" data-id=\"991\" srcset=\"https:\/\/www.edukdiseno.cl\/home\/wp-content\/uploads\/2020\/05\/DSC_5761-480x400.jpg 480w, https:\/\/www.edukdiseno.cl\/home\/wp-content\/uploads\/2020\/05\/DSC_5761-480x400@2x.jpg 960w\" sizes=\"(max-width: 480px) 100vw, 480px\" \/><\/a><p id=\"caption-attachment-3768\" class=\"wp-caption-text\">Tembet\u00e1 de piedra<\/p><\/div> <\/div><div class=\"ezcol-divider\"><\/div> <div class=\"ezcol ezcol-one-half\"> <div id=\"attachment_3772\" style=\"width: 490px\" class=\"wp-caption aligncenter\"><a href=\"..\/wp-content\/uploads\/2020\/05\/DSC_5778.jpg\" data-rel=\"lightbox-image-7\" data-rl_title=\"\" data-rl_caption=\"\" title=\"\"><img loading=\"lazy\" decoding=\"async\" aria-describedby=\"caption-attachment-3772\" class=\"wp-image-3772 size-gallery-thumb\" src=\"..\/wp-content\/uploads\/2020\/05\/DSC_5778-480x400.jpg\" alt=\"Cuchillo l\u00edtico\" width=\"480\" height=\"400\" data-id=\"1004\" srcset=\"https:\/\/www.edukdiseno.cl\/home\/wp-content\/uploads\/2020\/05\/DSC_5778-480x400.jpg 480w, https:\/\/www.edukdiseno.cl\/home\/wp-content\/uploads\/2020\/05\/DSC_5778-480x400@2x.jpg 960w\" sizes=\"(max-width: 480px) 100vw, 480px\" \/><\/a><p id=\"caption-attachment-3772\" class=\"wp-caption-text\">Cuchillo l\u00edtico<\/p><\/div> <\/div> <div class=\"ezcol ezcol-one-half ezcol-last\"> <div id=\"attachment_3771\" style=\"width: 490px\" class=\"wp-caption aligncenter\"><a href=\"..\/wp-content\/uploads\/2020\/05\/DSC_5772.jpg\" data-rel=\"lightbox-image-8\" data-rl_title=\"\" data-rl_caption=\"\" title=\"\"><img loading=\"lazy\" decoding=\"async\" aria-describedby=\"caption-attachment-3771\" class=\"wp-image-3771 size-gallery-thumb\" src=\"..\/wp-content\/uploads\/2020\/05\/DSC_5772-480x400.jpg\" alt=\"Pieza l\u00edtica\" width=\"480\" height=\"400\" data-id=\"1010\" srcset=\"https:\/\/www.edukdiseno.cl\/home\/wp-content\/uploads\/2020\/05\/DSC_5772-480x400.jpg 480w, https:\/\/www.edukdiseno.cl\/home\/wp-content\/uploads\/2020\/05\/DSC_5772-480x400@2x.jpg 960w\" sizes=\"(max-width: 480px) 100vw, 480px\" \/><\/a><p id=\"caption-attachment-3771\" class=\"wp-caption-text\">Pieza l\u00edtica<\/p><\/div> <\/div><div class=\"ezcol-divider\"><\/div> <div class=\"ezcol ezcol-one-half\"> <div id=\"attachment_3776\" style=\"width: 490px\" class=\"wp-caption aligncenter\"><a href=\"..\/wp-content\/uploads\/2020\/05\/DSC_5788.jpg\" data-rel=\"lightbox-image-9\" data-rl_title=\"\" data-rl_caption=\"\" title=\"\"><img loading=\"lazy\" decoding=\"async\" aria-describedby=\"caption-attachment-3776\" class=\"wp-image-3776 size-gallery-thumb\" src=\"..\/wp-content\/uploads\/2020\/05\/DSC_5788-480x400.jpg\" alt=\"Cuchillo l\u00edtico\" width=\"480\" height=\"400\" data-id=\"999\" srcset=\"https:\/\/www.edukdiseno.cl\/home\/wp-content\/uploads\/2020\/05\/DSC_5788-480x400.jpg 480w, https:\/\/www.edukdiseno.cl\/home\/wp-content\/uploads\/2020\/05\/DSC_5788-480x400@2x.jpg 960w\" sizes=\"(max-width: 480px) 100vw, 480px\" \/><\/a><p id=\"caption-attachment-3776\" class=\"wp-caption-text\">Cuchillo l\u00edtico<\/p><\/div> <\/div> <div class=\"ezcol ezcol-one-half ezcol-last\"> <div id=\"attachment_3778\" style=\"width: 490px\" class=\"wp-caption aligncenter\"><a href=\"..\/wp-content\/uploads\/2020\/05\/DSC_5797.jpg\" data-rel=\"lightbox-image-10\" data-rl_title=\"\" data-rl_caption=\"\" title=\"\"><img loading=\"lazy\" decoding=\"async\" aria-describedby=\"caption-attachment-3778\" class=\"wp-image-3778 size-gallery-thumb\" src=\"..\/wp-content\/uploads\/2020\/05\/DSC_5797-480x400.jpg\" alt=\"Jarro de greda\" width=\"480\" height=\"400\" data-id=\"1008\" srcset=\"https:\/\/www.edukdiseno.cl\/home\/wp-content\/uploads\/2020\/05\/DSC_5797-480x400.jpg 480w, https:\/\/www.edukdiseno.cl\/home\/wp-content\/uploads\/2020\/05\/DSC_5797-480x400@2x.jpg 960w\" sizes=\"(max-width: 480px) 100vw, 480px\" \/><\/a><p id=\"caption-attachment-3778\" class=\"wp-caption-text\">Jarro de greda<\/p><\/div> <\/div><div class=\"ezcol-divider\"><\/div> <div class=\"ezcol ezcol-one-half\"> <div id=\"attachment_3780\" style=\"width: 490px\" class=\"wp-caption aligncenter\"><a href=\"..\/wp-content\/uploads\/2020\/05\/DSC_5814.jpg\" data-rel=\"lightbox-image-11\" data-rl_title=\"\" data-rl_caption=\"\" title=\"\"><img loading=\"lazy\" decoding=\"async\" aria-describedby=\"caption-attachment-3780\" class=\"wp-image-3780 size-gallery-thumb\" src=\"..\/wp-content\/uploads\/2020\/05\/DSC_5814-480x400.jpg\" alt=\"Tablilla h\u00e1ptica con dise\u00f1o de escudilla\" width=\"480\" height=\"400\" data-id=\"999\" srcset=\"https:\/\/www.edukdiseno.cl\/home\/wp-content\/uploads\/2020\/05\/DSC_5814-480x400.jpg 480w, https:\/\/www.edukdiseno.cl\/home\/wp-content\/uploads\/2020\/05\/DSC_5814-480x400@2x.jpg 960w\" sizes=\"(max-width: 480px) 100vw, 480px\" \/><\/a><p id=\"caption-attachment-3780\" class=\"wp-caption-text\">Tablilla h\u00e1ptica con dise\u00f1o de escudilla<\/p><\/div> <\/div> <div class=\"ezcol ezcol-one-half ezcol-last\"> <div id=\"attachment_3779\" style=\"width: 490px\" class=\"wp-caption aligncenter\"><a href=\"..\/wp-content\/uploads\/2020\/05\/DSC_5810.jpg\" data-rel=\"lightbox-image-12\" data-rl_title=\"\" data-rl_caption=\"\" title=\"\"><img loading=\"lazy\" decoding=\"async\" aria-describedby=\"caption-attachment-3779\" class=\"wp-image-3779 size-gallery-thumb\" src=\"..\/wp-content\/uploads\/2020\/05\/DSC_5810-480x400.jpg\" alt=\"Tablilla h\u00e1ptica con dise\u00f1o de escudilla\" width=\"480\" height=\"400\" data-id=\"1008\" srcset=\"https:\/\/www.edukdiseno.cl\/home\/wp-content\/uploads\/2020\/05\/DSC_5810-480x400.jpg 480w, https:\/\/www.edukdiseno.cl\/home\/wp-content\/uploads\/2020\/05\/DSC_5810-480x400@2x.jpg 960w\" sizes=\"(max-width: 480px) 100vw, 480px\" \/><\/a><p id=\"caption-attachment-3779\" class=\"wp-caption-text\">Tablilla h\u00e1ptica con dise\u00f1o de escudilla<\/p><\/div> <\/div><div class=\"ezcol-divider\"><\/div> <div class=\"ezcol ezcol-one-half\"> <div id=\"attachment_4007\" style=\"width: 490px\" class=\"wp-caption aligncenter\"><a href=\"..\/wp-content\/uploads\/2020\/05\/DSC_5850.jpg\" data-rel=\"lightbox-image-13\" data-rl_title=\"\" data-rl_caption=\"\" title=\"\"><img loading=\"lazy\" decoding=\"async\" aria-describedby=\"caption-attachment-4007\" class=\"wp-image-4007 size-gallery-thumb\" src=\"..\/wp-content\/uploads\/2020\/05\/DSC_5850-480x400.jpg\" alt=\"Reproducci\u00f3n de busto de Sigmund Freud\" width=\"480\" height=\"400\" data-id=\"999\" srcset=\"https:\/\/www.edukdiseno.cl\/home\/wp-content\/uploads\/2020\/05\/DSC_5850-480x400.jpg 480w, https:\/\/www.edukdiseno.cl\/home\/wp-content\/uploads\/2020\/05\/DSC_5850-480x400@2x.jpg 960w\" sizes=\"(max-width: 480px) 100vw, 480px\" \/><\/a><p id=\"caption-attachment-4007\" class=\"wp-caption-text\">Reproducci\u00f3n de busto de Sigmund Freud<\/p><\/div> <\/div> <div class=\"ezcol ezcol-one-half ezcol-last\"> <div id=\"attachment_4014\" style=\"width: 490px\" class=\"wp-caption aligncenter\"><a href=\"..\/wp-content\/uploads\/2020\/05\/DSC_5920-1.jpg\" data-rel=\"lightbox-image-14\" data-rl_title=\"\" data-rl_caption=\"\" title=\"\"><img loading=\"lazy\" decoding=\"async\" aria-describedby=\"caption-attachment-4014\" class=\"wp-image-4014 size-gallery-thumb\" src=\"..\/wp-content\/uploads\/2020\/05\/DSC_5920-1-480x400.jpg\" alt=\"Tablilla Braille\" width=\"480\" height=\"400\" data-id=\"1008\" srcset=\"https:\/\/www.edukdiseno.cl\/home\/wp-content\/uploads\/2020\/05\/DSC_5920-1-480x400.jpg 480w, https:\/\/www.edukdiseno.cl\/home\/wp-content\/uploads\/2020\/05\/DSC_5920-1-480x400@2x.jpg 960w\" sizes=\"(max-width: 480px) 100vw, 480px\" \/><\/a><p id=\"caption-attachment-4014\" class=\"wp-caption-text\">Tablilla Braille<\/p><\/div> <\/div><div class=\"ezcol-divider\"><\/div> <div class=\"ezcol ezcol-one-half\"> <div id=\"attachment_4013\" style=\"width: 490px\" class=\"wp-caption aligncenter\"><a href=\"..\/wp-content\/uploads\/2020\/05\/DSC_5922-1.jpg\" data-rel=\"lightbox-image-15\" data-rl_title=\"\" data-rl_caption=\"\" title=\"\"><img loading=\"lazy\" decoding=\"async\" aria-describedby=\"caption-attachment-4013\" class=\"wp-image-4013 size-gallery-thumb\" src=\"..\/wp-content\/uploads\/2020\/05\/DSC_5922-1-480x400.jpg\" alt=\"Tablilla Mapa Mundi\" width=\"480\" height=\"400\" data-id=\"999\" srcset=\"https:\/\/www.edukdiseno.cl\/home\/wp-content\/uploads\/2020\/05\/DSC_5922-1-480x400.jpg 480w, https:\/\/www.edukdiseno.cl\/home\/wp-content\/uploads\/2020\/05\/DSC_5922-1-480x400@2x.jpg 960w\" sizes=\"(max-width: 480px) 100vw, 480px\" \/><\/a><p id=\"caption-attachment-4013\" class=\"wp-caption-text\">Tablilla Mapa Mundi<\/p><\/div> <\/div> <div class=\"ezcol ezcol-one-half ezcol-last\"> <div id=\"attachment_4015\" style=\"width: 490px\" class=\"wp-caption aligncenter\"><a href=\"..\/wp-content\/uploads\/2020\/05\/DSC_5917-1.jpg\" data-rel=\"lightbox-image-16\" data-rl_title=\"\" data-rl_caption=\"\" title=\"\"><img loading=\"lazy\" decoding=\"async\" aria-describedby=\"caption-attachment-4015\" class=\"wp-image-4015 size-gallery-thumb\" src=\"..\/wp-content\/uploads\/2020\/05\/DSC_5917-1-480x400.jpg\" alt=\"Maqueta Londres\" width=\"480\" height=\"400\" data-id=\"1008\" srcset=\"https:\/\/www.edukdiseno.cl\/home\/wp-content\/uploads\/2020\/05\/DSC_5917-1-480x400.jpg 480w, https:\/\/www.edukdiseno.cl\/home\/wp-content\/uploads\/2020\/05\/DSC_5917-1-480x400@2x.jpg 960w\" sizes=\"(max-width: 480px) 100vw, 480px\" \/><\/a><p id=\"caption-attachment-4015\" class=\"wp-caption-text\">Maqueta Londres<\/p><\/div> <\/div><div class=\"ezcol-divider\"><\/div> <div class=\"ezcol ezcol-one-half\"> <div id=\"attachment_4004\" style=\"width: 490px\" class=\"wp-caption aligncenter\"><a href=\"..\/wp-content\/uploads\/2020\/05\/DSC_5908.jpg\" data-rel=\"lightbox-image-17\" data-rl_title=\"\" data-rl_caption=\"\" title=\"\"><img loading=\"lazy\" decoding=\"async\" aria-describedby=\"caption-attachment-4004\" class=\"wp-image-4004 size-gallery-thumb\" src=\"..\/wp-content\/uploads\/2020\/05\/DSC_5908-480x400.jpg\" alt=\"Pernos funcionales\" width=\"480\" height=\"400\" data-id=\"999\" srcset=\"https:\/\/www.edukdiseno.cl\/home\/wp-content\/uploads\/2020\/05\/DSC_5908-480x400.jpg 480w, https:\/\/www.edukdiseno.cl\/home\/wp-content\/uploads\/2020\/05\/DSC_5908-480x400@2x.jpg 960w\" sizes=\"(max-width: 480px) 100vw, 480px\" \/><\/a><p id=\"caption-attachment-4004\" class=\"wp-caption-text\">Pernos funcionales<\/p><\/div> <\/div> <div class=\"ezcol ezcol-one-half ezcol-last\"> <div id=\"attachment_4012\" style=\"width: 490px\" class=\"wp-caption aligncenter\"><a href=\"..\/wp-content\/uploads\/2020\/05\/DSC_5923-scaled.jpg\" data-rel=\"lightbox-image-18\" data-rl_title=\"\" data-rl_caption=\"\" title=\"\"><img loading=\"lazy\" decoding=\"async\" aria-describedby=\"caption-attachment-4012\" class=\"wp-image-4012 size-gallery-thumb\" src=\"..\/wp-content\/uploads\/2020\/05\/DSC_5923-480x400.jpg\" alt=\"Cr\u00e1neo\" width=\"480\" height=\"400\" data-id=\"1008\" srcset=\"https:\/\/www.edukdiseno.cl\/home\/wp-content\/uploads\/2020\/05\/DSC_5923-480x400.jpg 480w, https:\/\/www.edukdiseno.cl\/home\/wp-content\/uploads\/2020\/05\/DSC_5923-480x400@2x.jpg 960w\" sizes=\"(max-width: 480px) 100vw, 480px\" \/><\/a><p id=\"caption-attachment-4012\" class=\"wp-caption-text\">Cr\u00e1neo<\/p><\/div> <\/div><div class=\"ezcol-divider\"><\/div> <div class=\"ezcol ezcol-one-half\"> <div id=\"attachment_4005\" style=\"width: 490px\" class=\"wp-caption aligncenter\"><a href=\"..\/wp-content\/uploads\/2020\/05\/DSC_5903.jpg\" data-rel=\"lightbox-image-19\" data-rl_title=\"\" data-rl_caption=\"\" title=\"\"><img loading=\"lazy\" decoding=\"async\" aria-describedby=\"caption-attachment-4005\" class=\"wp-image-4005 size-gallery-thumb\" src=\"..\/wp-content\/uploads\/2020\/05\/DSC_5903-480x400.jpg\" alt=\"Parten\u00f3n, Paris.\" width=\"480\" height=\"400\" data-id=\"999\" srcset=\"https:\/\/www.edukdiseno.cl\/home\/wp-content\/uploads\/2020\/05\/DSC_5903-480x400.jpg 480w, https:\/\/www.edukdiseno.cl\/home\/wp-content\/uploads\/2020\/05\/DSC_5903-480x400@2x.jpg 960w\" sizes=\"(max-width: 480px) 100vw, 480px\" \/><\/a><p id=\"caption-attachment-4005\" class=\"wp-caption-text\">Panth\u00e9on, Paris.<\/p><\/div> <\/div> <div class=\"ezcol ezcol-one-half ezcol-last\"> <div id=\"attachment_4003\" style=\"width: 490px\" class=\"wp-caption aligncenter\"><a href=\"..\/wp-content\/uploads\/2020\/05\/DSC_5910.jpg\" data-rel=\"lightbox-image-20\" data-rl_title=\"\" data-rl_caption=\"\" title=\"\"><img loading=\"lazy\" decoding=\"async\" aria-describedby=\"caption-attachment-4003\" class=\"wp-image-4003 size-gallery-thumb\" src=\"..\/wp-content\/uploads\/2020\/05\/DSC_5910-480x400.jpg\" alt=\"Parten\u00f3n, Paris.\" width=\"480\" height=\"400\" data-id=\"1008\" srcset=\"https:\/\/www.edukdiseno.cl\/home\/wp-content\/uploads\/2020\/05\/DSC_5910-480x400.jpg 480w, https:\/\/www.edukdiseno.cl\/home\/wp-content\/uploads\/2020\/05\/DSC_5910-480x400@2x.jpg 960w\" sizes=\"(max-width: 480px) 100vw, 480px\" \/><\/a><p id=\"caption-attachment-4003\" class=\"wp-caption-text\">Panth\u00e9on, Paris.<\/p><\/div> <\/div><div class=\"ezcol-divider\"><\/div><\/p>\r\n<p>&nbsp;<\/p>\r\n<\/div><\/div><\/div><\/div><\/div><\/div><\/div><\/div><!--vcv no format-->","protected":false},"excerpt":{"rendered":"<p>&nbsp; &nbsp; Materializar ideas El uso de la tecnolog\u00eda 3D de impresi\u00f3n nos permite enriquecer el abanico de posibilidades en el desarrollo de recursos de interpretaci\u00f3n. Realizamos el registro, captaci\u00f3n,\u2026 <span class=\"read-btn\"><a class=\"read-more\" href=\"https:\/\/www.edukdiseno.cl\/home\/eduk-3dprint\/\">Read More &rarr;<\/a><\/span><\/p>\n","protected":false},"author":1,"featured_media":0,"parent":0,"menu_order":0,"comment_status":"closed","ping_status":"closed","template":"","meta":{"footnotes":""},"class_list":["post-3820","page","type-page","status-publish","hentry"],"_links":{"self":[{"href":"https:\/\/www.edukdiseno.cl\/home\/wp-json\/wp\/v2\/pages\/3820"}],"collection":[{"href":"https:\/\/www.edukdiseno.cl\/home\/wp-json\/wp\/v2\/pages"}],"about":[{"href":"https:\/\/www.edukdiseno.cl\/home\/wp-json\/wp\/v2\/types\/page"}],"author":[{"embeddable":true,"href":"https:\/\/www.edukdiseno.cl\/home\/wp-json\/wp\/v2\/users\/1"}],"replies":[{"embeddable":true,"href":"https:\/\/www.edukdiseno.cl\/home\/wp-json\/wp\/v2\/comments?post=3820"}],"version-history":[{"count":24,"href":"https:\/\/www.edukdiseno.cl\/home\/wp-json\/wp\/v2\/pages\/3820\/revisions"}],"predecessor-version":[{"id":7079,"href":"https:\/\/www.edukdiseno.cl\/home\/wp-json\/wp\/v2\/pages\/3820\/revisions\/7079"}],"wp:attachment":[{"href":"https:\/\/www.edukdiseno.cl\/home\/wp-json\/wp\/v2\/media?parent=3820"}],"curies":[{"name":"wp","href":"https:\/\/api.w.org\/{rel}","templated":true}]}}